{"id":352,"date":"2024-04-20T22:41:19","date_gmt":"2024-04-20T20:41:19","guid":{"rendered":"https:\/\/www.eb-rom.de\/?page_id=352"},"modified":"2024-04-20T22:41:43","modified_gmt":"2024-04-20T20:41:43","slug":"multiform","status":"publish","type":"page","link":"https:\/\/www.eb-rom.de\/?page_id=352","title":{"rendered":"Multistep-Form"},"content":{"rendered":"\n<div id=\"multi-step-form\" class=\"fw-wizard\" data-stepCount=\"5\" data-wizardid=\"1\">\n    <div class=\"fw-wizard-step-header-container\">\n        <div class=\"fw-container\" data-redirect=\"\">\n                <div class=\"fw-wizard-step-header\" data-stepId=\"0\">\n            <h2>Technischer Platz<\/h2>\n            <p class=\"fw-copytext\">W\u00e4hle ein Geb\u00e4ude aus<\/p>\n        <\/div>\n                <div class=\"fw-wizard-step-header\" data-stepId=\"1\">\n            <h2>Anlage fotgrafieren<\/h2>\n            <p class=\"fw-copytext\">Fotografiere die Anlage<\/p>\n        <\/div>\n                <div class=\"fw-wizard-step-header\" data-stepId=\"2\">\n            <h2>Kostengruppe<\/h2>\n            <p class=\"fw-copytext\">Kostengruppe ausw\u00e4hlen<\/p>\n        <\/div>\n                <div class=\"fw-wizard-step-header\" data-stepId=\"3\">\n            <h2>Details<\/h2>\n            <p class=\"fw-copytext\">Details<\/p>\n        <\/div>\n                <div class=\"fw-wizard-step-header\" data-stepId=\"4\">\n            <h2>Bemerkungen<\/h2>\n            <p class=\"fw-copytext\">Bemerkungen<\/p>\n        <\/div>\n                <\/div>\n    <\/div>\n    <div class=\"fw-progress-bar-container \">\n        <div class=\"fw-container\">\n    <div class=\"fw-progress-wrap\">\n    <ul class=\"fw-progress-bar\"\n        data-activecolor=\"#546e7a\"\n        data-donecolor=\"#4caf50\"\n        data-nextcolor=\"#aaa\"\n        data-buttoncolor=\"#546e7a\">\n                <li class=\"fw-progress-step\"\n            data-id=\"0\">\n            <span class=\"fw-progress-bar-bar\"><\/span>\n            <span class=\"fw-txt-ellipsis\" data-title=\"Geb\u00e4ude ausw\u00e4hlen\">Geb\u00e4ude ausw\u00e4hlen<\/span>\n                    <\/li>\n                    <li class=\"fw-progress-step\"\n            data-id=\"1\">\n            <span class=\"fw-progress-bar-bar\"><\/span>\n            <span class=\"fw-txt-ellipsis\" data-title=\"Anlage fotgrafieren\">Anlage fotgrafieren<\/span>\n                    <\/li>\n                    <li class=\"fw-progress-step\"\n            data-id=\"2\">\n            <span class=\"fw-progress-bar-bar\"><\/span>\n            <span class=\"fw-txt-ellipsis\" data-title=\"Kostengruppe\">Kostengruppe<\/span>\n                    <\/li>\n                    <li class=\"fw-progress-step\"\n            data-id=\"3\">\n            <span class=\"fw-progress-bar-bar\"><\/span>\n            <span class=\"fw-txt-ellipsis\" data-title=\"Details\">Details<\/span>\n                    <\/li>\n                    <li class=\"fw-progress-step\"\n            data-id=\"4\">\n            <span class=\"fw-progress-bar-bar\"><\/span>\n            <span class=\"fw-txt-ellipsis\" data-title=\"Bemerkungen\">Bemerkungen<\/span>\n                    <\/li>\n                <\/ul>\n<\/div>\n        <\/div>\n    <\/div>\n    <div class=\"fw-wizard-step-container\">\n        <div class=\"fw-container\">\n                    <div class=\"fw-wizard-step\" data-stepId=\"0\">\n                <div class=\"fw-step-part \" data-partId=\"0\">\n\t<h2 class=\"fw-step-part-title \">\n\t\t\tTechnischer Platz\t<\/h2>\n\t<div class=\"fw-clearfix\"><\/div>\n\t<div class=\"fw-step-part-body\">\n\t\t\t\t\t\t\t\t\t<div class=\"fw-step-block\" data-blockId=\"1\" data-type=\"fw-select\" data-required=\"true\">\t\n\t\t\t<label for=\"msf-select-adresse\"><h3>Adresse<\/h3><\/label>\n\t\t\t<select class=\"fw-select\" \n\t\t\t\tdata-search=\"true\" \n\t\t\t\tdata-placeholder=\"bitte ausw\u00e4hlen\" \n\t\t\t\tdata-required=\"true\"\n\t\t\t\tid=\"msf-select-adresse\">\n\t\t\t\t<option><\/option>\n\t\t\t\t\t\t\t\t<option id=\"fw-1-0-0-0-0\" type=\"select\" name=\"fw-1-0-0-0\">Auf'm Hennekamp 101<\/option>\n\t\t\t\t\t\t\t\t<option id=\"fw-1-0-0-0-1\" type=\"select\" name=\"fw-1-0-0-0\">Auf'm Hennekamp 103<\/option>\n\t\t\t\t\t\t\t\t<option id=\"fw-1-0-0-0-2\" type=\"select\" name=\"fw-1-0-0-0\">Bertha-von-Suttner-Platz 8<\/option>\n\t\t\t\t\t\t\t\t<option id=\"fw-1-0-0-0-3\" type=\"select\" name=\"fw-1-0-0-0\">Bonner Stra\u00dfe 121<\/option>\n\t\t\t\t\t\t\t\t<option id=\"fw-1-0-0-0-4\" type=\"select\" name=\"fw-1-0-0-0\">Borbecker Stra\u00dfe 26<\/option>\n\t\t\t\t\t\t\t\t<option id=\"fw-1-0-0-0-5\" type=\"select\" name=\"fw-1-0-0-0\">Brehmplatz 1<\/option>\n\t\t\t\t\t\t\t\t<option id=\"fw-1-0-0-0-6\" type=\"select\" name=\"fw-1-0-0-0\">Breidenplatz 10<\/option>\n\t\t\t\t\t\t\t\t<option id=\"fw-1-0-0-0-7\" type=\"select\" name=\"fw-1-0-0-0\">Breidenplatz 8<\/option>\n\t\t\t\t\t\t\t\t<option id=\"fw-1-0-0-0-8\" type=\"select\" name=\"fw-1-0-0-0\">Bremer Stra\u00dfe 70<\/option>\n\t\t\t\t\t\t\t\t<option id=\"fw-1-0-0-0-9\" type=\"select\" name=\"fw-1-0-0-0\">Bremer Stra\u00dfe 73<\/option>\n\t\t\t\t\t\t\t\t<option id=\"fw-1-0-0-0-10\" type=\"select\" name=\"fw-1-0-0-0\">Briedestra\u00dfe 9<\/option>\n\t\t\t\t\t\t\t\t<option id=\"fw-1-0-0-0-11\" type=\"select\" name=\"fw-1-0-0-0\">Comeniusstra\u00dfe 1<\/option>\n\t\t\t\t\t\t\t\t<option id=\"fw-1-0-0-0-12\" type=\"select\" name=\"fw-1-0-0-0\">Der Gr\u00fcne Weg 80<\/option>\n\t\t\t\t\t\t\t\t<option id=\"fw-1-0-0-0-13\" type=\"select\" name=\"fw-1-0-0-0\">Dorfstra\u00dfe 20<\/option>\n\t\t\t\t\t\t\t\t<option id=\"fw-1-0-0-0-14\" type=\"select\" name=\"fw-1-0-0-0\">Emmastra\u00dfe 36A<\/option>\n\t\t\t\t\t\t\t\t<option id=\"fw-1-0-0-0-15\" type=\"select\" name=\"fw-1-0-0-0\">Europaplatz 2<\/option>\n\t\t\t\t\t\t\t\t<option id=\"fw-1-0-0-0-16\" type=\"select\" name=\"fw-1-0-0-0\">Flurstra\u00dfe 11A<\/option>\n\t\t\t\t\t\t\t\t<option id=\"fw-1-0-0-0-17\" type=\"select\" name=\"fw-1-0-0-0\">Flurstra\u00dfe 11B - 11C<\/option>\n\t\t\t\t\t\t\t\t<option id=\"fw-1-0-0-0-18\" type=\"select\" name=\"fw-1-0-0-0\">Fritz-Erler-Stra\u00dfe (Quartiersb\u00fcro)<\/option>\n\t\t\t\t\t\t\t\t<option id=\"fw-1-0-0-0-19\" type=\"select\" name=\"fw-1-0-0-0\">F\u00fcrstenwall 206<\/option>\n\t\t\t\t\t\t\t\t<option id=\"fw-1-0-0-0-20\" type=\"select\" name=\"fw-1-0-0-0\">Grabbeplatz<\/option>\n\t\t\t\t\t\t\t\t<option id=\"fw-1-0-0-0-21\" type=\"select\" name=\"fw-1-0-0-0\">Grafenberger Allee 404<\/option>\n\t\t\t\t\t\t\t\t<option id=\"fw-1-0-0-0-22\" type=\"select\" name=\"fw-1-0-0-0\">Graf-Recke-Stra\u00dfe 2<\/option>\n\t\t\t\t\t\t\t\t<option id=\"fw-1-0-0-0-23\" type=\"select\" name=\"fw-1-0-0-0\">Gumbertstra\u00dfe 173<\/option>\n\t\t\t\t\t\t\t\t<option id=\"fw-1-0-0-0-24\" type=\"select\" name=\"fw-1-0-0-0\">Heidelberger Stra\u00dfe 42A<\/option>\n\t\t\t\t\t\t\t\t<option id=\"fw-1-0-0-0-25\" type=\"select\" name=\"fw-1-0-0-0\">Hermannplatz 1A<\/option>\n\t\t\t\t\t\t\t\t<option id=\"fw-1-0-0-0-26\" type=\"select\" name=\"fw-1-0-0-0\">Joseph-Beuys-Ufer 33<\/option>\n\t\t\t\t\t\t\t\t<option id=\"fw-1-0-0-0-27\" type=\"select\" name=\"fw-1-0-0-0\">Kaiserswerther Markt 4B<\/option>\n\t\t\t\t\t\t\t\t<option id=\"fw-1-0-0-0-28\" type=\"select\" name=\"fw-1-0-0-0\">Kaiserswerther Markt 61<\/option>\n\t\t\t\t\t\t\t\t<option id=\"fw-1-0-0-0-29\" type=\"select\" name=\"fw-1-0-0-0\">Kaiserswerther Stra\u00dfe 408A<\/option>\n\t\t\t\t\t\t\t\t<option id=\"fw-1-0-0-0-30\" type=\"select\" name=\"fw-1-0-0-0\">K\u00f6nigsberger Stra\u00dfe 100<\/option>\n\t\t\t\t\t\t\t\t<option id=\"fw-1-0-0-0-31\" type=\"select\" name=\"fw-1-0-0-0\">Kronenstra\u00dfe 65<\/option>\n\t\t\t\t\t\t\t\t<option id=\"fw-1-0-0-0-32\" type=\"select\" name=\"fw-1-0-0-0\">Leuchtenberger Kirchweg 91-93<\/option>\n\t\t\t\t\t\t\t\t<option id=\"fw-1-0-0-0-33\" type=\"select\" name=\"fw-1-0-0-0\">Meineckestra\u00dfe 32<\/option>\n\t\t\t\t\t\t\t\t<option id=\"fw-1-0-0-0-34\" type=\"select\" name=\"fw-1-0-0-0\">Merowingerstra\u00dfe 86-88<\/option>\n\t\t\t\t\t\t\t\t<option id=\"fw-1-0-0-0-35\" type=\"select\" name=\"fw-1-0-0-0\">Mulvanystra\u00dfe 15<\/option>\n\t\t\t\t\t\t\t\t<option id=\"fw-1-0-0-0-36\" type=\"select\" name=\"fw-1-0-0-0\">Nagelsweg 120+120A<\/option>\n\t\t\t\t\t\t\t\t<option id=\"fw-1-0-0-0-37\" type=\"select\" name=\"fw-1-0-0-0\">Neusser Weg 58<\/option>\n\t\t\t\t\t\t\t\t<option id=\"fw-1-0-0-0-38\" type=\"select\" name=\"fw-1-0-0-0\">Niederrheinstra\u00dfe 346<\/option>\n\t\t\t\t\t\t\t\t<option id=\"fw-1-0-0-0-39\" type=\"select\" name=\"fw-1-0-0-0\">Oberbilker Allee 238A<\/option>\n\t\t\t\t\t\t\t\t<option id=\"fw-1-0-0-0-40\" type=\"select\" name=\"fw-1-0-0-0\">Redinghovenstra\u00dfe 55<\/option>\n\t\t\t\t\t\t\t\t<option id=\"fw-1-0-0-0-41\" type=\"select\" name=\"fw-1-0-0-0\">Rheinwerft 14<\/option>\n\t\t\t\t\t\t\t\t<option id=\"fw-1-0-0-0-42\" type=\"select\" name=\"fw-1-0-0-0\">Rheinwerft 16<\/option>\n\t\t\t\t\t\t\t\t<option id=\"fw-1-0-0-0-43\" type=\"select\" name=\"fw-1-0-0-0\">Rheinwerft 18<\/option>\n\t\t\t\t\t\t\t\t<option id=\"fw-1-0-0-0-44\" type=\"select\" name=\"fw-1-0-0-0\">Rheinwerft 20<\/option>\n\t\t\t\t\t\t\t\t<option id=\"fw-1-0-0-0-45\" type=\"select\" name=\"fw-1-0-0-0\">Rheinwerft 22<\/option>\n\t\t\t\t\t\t\t\t<option id=\"fw-1-0-0-0-46\" type=\"select\" name=\"fw-1-0-0-0\">Rheinwerft 24<\/option>\n\t\t\t\t\t\t\t\t<option id=\"fw-1-0-0-0-47\" type=\"select\" name=\"fw-1-0-0-0\">Rheinwerft 30<\/option>\n\t\t\t\t\t\t\t\t<option id=\"fw-1-0-0-0-48\" type=\"select\" name=\"fw-1-0-0-0\">Rotterdamer Stra\u00dfe 141<\/option>\n\t\t\t\t\t\t\t\t<option id=\"fw-1-0-0-0-49\" type=\"select\" name=\"fw-1-0-0-0\">Schlesische Stra\u00dfe 2A<\/option>\n\t\t\t\t\t\t\t\t<option id=\"fw-1-0-0-0-50\" type=\"select\" name=\"fw-1-0-0-0\">Speditionstra\u00dfe 15A<\/option>\n\t\t\t\t\t\t\t\t<option id=\"fw-1-0-0-0-51\" type=\"select\" name=\"fw-1-0-0-0\">Stoffeler Kapellenweg 188<\/option>\n\t\t\t\t\t\t\t\t<option id=\"fw-1-0-0-0-52\" type=\"select\" name=\"fw-1-0-0-0\">Volmerswerther Stra\u00dfe 130<\/option>\n\t\t\t\t\t\t\t\t<option id=\"fw-1-0-0-0-53\" type=\"select\" name=\"fw-1-0-0-0\">Volmerswerther Stra\u00dfe 417<\/option>\n\t\t\t\t\t\t\t\t<option id=\"fw-1-0-0-0-54\" type=\"select\" name=\"fw-1-0-0-0\">Weizenm\u00fchlenstra\u00dfe 16<\/option>\n\t\t\t\t\t\t\t\t<option id=\"fw-1-0-0-0-55\" type=\"select\" name=\"fw-1-0-0-0\">Weizenm\u00fchlenstra\u00dfe 21<\/option>\n\t\t\t\t\t\t\t\t<option id=\"fw-1-0-0-0-56\" type=\"select\" name=\"fw-1-0-0-0\">Werstener Dorfstra\u00dfe 161<\/option>\n\t\t\t\t\t\t\t<\/select>\n\t\t<\/div>\n\t\t  \t\t\t\t<\/div>\n<\/div>\n\t\t\t                <div class=\"fw-clearfix\"><\/div>\n            <\/div>\n                        <div class=\"fw-wizard-step\" data-stepId=\"1\">\n                <div class=\"fw-step-part \" data-partId=\"0\">\n\t<h2 class=\"fw-step-part-title \">\n\t\t\tAnlage fotografieren\t<\/h2>\n\t<div class=\"fw-clearfix\"><\/div>\n\t<div class=\"fw-step-part-body\">\n\t\t\t\t\t\t\t\t\t<div class=\"fw-step-block\" data-blockId=\"1\" data-type=\"fw-file\" data-required=\"false\">\n\t\t\t<div class=\"fw-input-container\">\n\t\t\t\t<h3>Anlagenfoto<\/h3>\n\t\t\t\t<input type=\"file\" name=\"fw-1-1-0-0\" id=\"fw-1-1-0-0\" class=\"fw-file-upload-input\" multiple>\n\t\t\t\t<label class=\"fw-btn fw-button-fileupload\" for=\"fw-1-1-0-0\"><i class=\"fa fa-upload fw-file-upload-status\" aria-hidden=\"true\"><\/i><span>Durchsuchen<\/span><\/label>\n\t\t\t\t<p>Max. Gr\u00f6\u00dfe: 256,0 MB<\/p>\n\t\t\t<\/div>\n\t\t\t<div class=\"fw-clearfix\"><\/div>\n\t\t<\/div>\n\t  \t\t\t\t<\/div>\n<\/div>\n\t\t\t                <div class=\"fw-clearfix\"><\/div>\n            <\/div>\n                        <div class=\"fw-wizard-step\" data-stepId=\"2\">\n                <div class=\"fw-step-part \" data-partId=\"0\">\n\t<h2 class=\"fw-step-part-title \">\n\t\t\tKostengruppe ausw\u00e4hlen\t<\/h2>\n\t<div class=\"fw-clearfix\"><\/div>\n\t<div class=\"fw-step-part-body\">\n\t\t\t\t\t\t\t\t\t<div class=\"fw-step-block\" data-blockId=\"1\" data-type=\"fw-radio\" data-required=\"false\">\n\t\t\t\t\t\t\t\t<h3>Kostengruppen sind Pflicht<\/h3>\n\t\t\t\t\t\t\t\t\t\t<span class=\"fw-choice fw-radio-row\">\n\t\t\t\t\t\t<input id=\"fw-1-2-0-0-1\" type=\"radio\" name=\"fw-1-2-0-0\" class=\"fw-radio\" data-id=\"1\">\n\t\t\t\t\t\t<label for=\"fw-1-2-0-0-1\" data-labelId=\"1\">410 Abwasser, Wasser- und Gasanlagen<\/label>\n\t\t\t\t\t<\/span>\n\t\t\t\t\t\t\t\t\t\t<span class=\"fw-choice fw-radio-row\">\n\t\t\t\t\t\t<input id=\"fw-1-2-0-0-2\" type=\"radio\" name=\"fw-1-2-0-0\" class=\"fw-radio\" data-id=\"2\">\n\t\t\t\t\t\t<label for=\"fw-1-2-0-0-2\" data-labelId=\"2\">420 W\u00e4rmeversorgungsanlagen<\/label>\n\t\t\t\t\t<\/span>\n\t\t\t\t\t\t\t\t\t\t<span class=\"fw-choice fw-radio-row\">\n\t\t\t\t\t\t<input id=\"fw-1-2-0-0-3\" type=\"radio\" name=\"fw-1-2-0-0\" class=\"fw-radio\" data-id=\"3\">\n\t\t\t\t\t\t<label for=\"fw-1-2-0-0-3\" data-labelId=\"3\">430 Raumlufttechnische Anlagen<\/label>\n\t\t\t\t\t<\/span>\n\t\t\t\t\t\t\t\t\t\t<span class=\"fw-choice fw-radio-row\">\n\t\t\t\t\t\t<input id=\"fw-1-2-0-0-4\" type=\"radio\" name=\"fw-1-2-0-0\" class=\"fw-radio\" data-id=\"4\">\n\t\t\t\t\t\t<label for=\"fw-1-2-0-0-4\" data-labelId=\"4\">440 Elektrische Anlagen<\/label>\n\t\t\t\t\t<\/span>\n\t\t\t\t\t\t\t\t\t\t<span class=\"fw-choice fw-radio-row\">\n\t\t\t\t\t\t<input id=\"fw-1-2-0-0-5\" type=\"radio\" name=\"fw-1-2-0-0\" class=\"fw-radio\" data-id=\"5\">\n\t\t\t\t\t\t<label for=\"fw-1-2-0-0-5\" data-labelId=\"5\">450 Kommunikations-, sicherheits- und informationstechnische Anlagen<\/label>\n\t\t\t\t\t<\/span>\n\t\t\t\t\t\t\t\t\t\t<span class=\"fw-choice fw-radio-row\">\n\t\t\t\t\t\t<input id=\"fw-1-2-0-0-6\" type=\"radio\" name=\"fw-1-2-0-0\" class=\"fw-radio\" data-id=\"6\">\n\t\t\t\t\t\t<label for=\"fw-1-2-0-0-6\" data-labelId=\"6\">460 F\u00f6rderanlagen<\/label>\n\t\t\t\t\t<\/span>\n\t\t\t\t\t\t\t\t\t\t<span class=\"fw-choice fw-radio-row\">\n\t\t\t\t\t\t<input id=\"fw-1-2-0-0-7\" type=\"radio\" name=\"fw-1-2-0-0\" class=\"fw-radio\" data-id=\"7\">\n\t\t\t\t\t\t<label for=\"fw-1-2-0-0-7\" data-labelId=\"7\">470 Nutzungsspezifische und verfahrenstechnische Anlagen<\/label>\n\t\t\t\t\t<\/span>\n\t\t\t\t\t\t\t\t\t\t<span class=\"fw-choice fw-radio-row\">\n\t\t\t\t\t\t<input id=\"fw-1-2-0-0-8\" type=\"radio\" name=\"fw-1-2-0-0\" class=\"fw-radio\" data-id=\"8\">\n\t\t\t\t\t\t<label for=\"fw-1-2-0-0-8\" data-labelId=\"8\">480 Geb\u00e4ude- und Anlagenautomation<\/label>\n\t\t\t\t\t<\/span>\n\t\t\t\t\t\t\t\t\t\t<span class=\"fw-choice fw-radio-row\">\n\t\t\t\t\t\t<input id=\"fw-1-2-0-0-9\" type=\"radio\" name=\"fw-1-2-0-0\" class=\"fw-radio\" data-id=\"9\">\n\t\t\t\t\t\t<label for=\"fw-1-2-0-0-9\" data-labelId=\"9\">490 Sonstige Ma\u00dfnahmen f\u00fcr technische Anlagen<\/label>\n\t\t\t\t\t<\/span>\n\t\t\t\t\t\t\t<\/div>\n\t\t\t\t\t\t<\/div>\n<\/div>\n\t\t\t                <div class=\"fw-clearfix\"><\/div>\n            <\/div>\n                        <div class=\"fw-wizard-step\" data-stepId=\"3\">\n                <div class=\"fw-step-part \" data-partId=\"0\">\n\t<h2 class=\"fw-step-part-title \">\n\t\t\tDetails\t<\/h2>\n\t<div class=\"fw-clearfix\"><\/div>\n\t<div class=\"fw-step-part-body\">\n\t\t\t\t\t\t\t\t\t<div class=\"fw-step-block\" data-blockId=\"1\" data-type=\"fw-text\" data-required=\"false\">\n\t\t\t<div class=\"fw-input-container\">\n\t\t\t\t<label for=\"msf-text-hersteller\"><h3>Hersteller<\/h3><\/label>\n\t\t\t\t<input \n\t\t\t\t\ttype=\"text\" \n\t\t\t\t\tclass=\"fw-text-input\" \n\t\t\t\t\tid=\"msf-text-hersteller\"\n\t\t\t\t\tdata-id=\"text\">\n\t\t\t\t<span class=\"fa fa-pencil form-control-feedback\" aria-hidden=\"true\"><\/span>\n\t\t\t<\/div>\n\t\t\t<div class=\"fw-clearfix\"><\/div>\n\t\t<\/div>\n\t\t\t\t\t\t\t\t\t\t\t<div class=\"fw-step-block\" data-blockId=\"1\" data-type=\"fw-text\" data-required=\"false\">\n\t\t\t<div class=\"fw-input-container\">\n\t\t\t\t<label for=\"msf-text-baujahr\"><h3>Baujahr<\/h3><\/label>\n\t\t\t\t<input \n\t\t\t\t\ttype=\"text\" \n\t\t\t\t\tclass=\"fw-text-input\" \n\t\t\t\t\tid=\"msf-text-baujahr\"\n\t\t\t\t\tdata-id=\"text\">\n\t\t\t\t<span class=\"fa fa-pencil form-control-feedback\" aria-hidden=\"true\"><\/span>\n\t\t\t<\/div>\n\t\t\t<div class=\"fw-clearfix\"><\/div>\n\t\t<\/div>\n\t\t\t\t\t\t\t\t\t\t\t<div class=\"fw-step-block\" data-blockId=\"1\" data-type=\"fw-text\" data-required=\"false\">\n\t\t\t<div class=\"fw-input-container\">\n\t\t\t\t<label for=\"msf-text-bezeichnung\"><h3>Bezeichnung<\/h3><\/label>\n\t\t\t\t<input \n\t\t\t\t\ttype=\"text\" \n\t\t\t\t\tclass=\"fw-text-input\" \n\t\t\t\t\tid=\"msf-text-bezeichnung\"\n\t\t\t\t\tdata-id=\"text\">\n\t\t\t\t<span class=\"fa fa-pencil form-control-feedback\" aria-hidden=\"true\"><\/span>\n\t\t\t<\/div>\n\t\t\t<div class=\"fw-clearfix\"><\/div>\n\t\t<\/div>\n\t\t\t\t\t\t<\/div>\n<\/div>\n\t\t\t                <div class=\"fw-clearfix\"><\/div>\n            <\/div>\n                        <div class=\"fw-wizard-step\" data-stepId=\"4\">\n                <div class=\"fw-step-part \" data-partId=\"0\">\n\t<h2 class=\"fw-step-part-title \">\n\t\t\tBemerkungen\t<\/h2>\n\t<div class=\"fw-clearfix\"><\/div>\n\t<div class=\"fw-step-part-body\">\n\t\t\t\t\t\t\t\t\t<div class=\"fw-step-block\" data-blockId=\"1\" data-type=\"fw-textarea\" data-required=\"false\">\n\t\t\t<div class=\"fw-input-container\">\n\t\t\t\t<label for=\"msf-textarea-was-gibt's-sonst-noch-so?\"><h3>Was gibt's sonst noch so?<\/h3><\/label>\n\t\t\t\t<textarea \n\t\t\t\t\tclass=\"fw-textarea\"\n\t\t\t\t\tid=\"msf-textarea-was-gibt's-sonst-noch-so?\"\n\t\t\t\t\tdata-id=\"textarea\"><\/textarea>\n\t\t\t\t<span class=\"fa fa-pencil t-area form-control-feedback\" aria-hidden=\"true\"><\/span>\n\t\t\t<\/div>\n\t\t\t<div class=\"fw-clearfix\"><\/div>\n\t\t<\/div>\n\t\t\t\t\t\t<\/div>\n<\/div>\n\t\t\t                        <div class=\"fw-summary-container\">\n                            <button type=\"button\" class=\"fw-toggle-summary\">ZUSAMMENFASSUNG ANZEIGEN<\/button>\n                            <div id=\"wizard-summary\" class=\"fw-wizard-summary\" style=\"display:none;\" data-showsummary=\"on\">\n                            <div class=\"fw-summary-alert\">Einige Pflichtfelder sind noch nicht ausgef\u00fcllt.<br>Bitte \u00fcberpr\u00fcfe die markierten Felder.<\/div>\n                            <\/div>\n                        <\/div>\n                                            <button type=\"button\" class=\"fw-btn-submit\">Absenden<\/button>\n                                <div class=\"fw-clearfix\"><\/div>\n            <\/div>\n                    <\/div>\n    <\/div>\n        <div class=\"fw-wizard-button-container\">\n        <div class=\"fw-container\">\n            <div class=\"fw-wizard-buttons\">\n                <button class=\"fw-button-previous\"><i class=\"fa fa-arrow-circle-left\" aria-hidden=\"true\"><\/i> &nbsp;Zur\u00fcck<\/button>\n                <button class=\"fw-button-next\">Weiter &nbsp;<i class=\"fa fa-arrow-circle-right\" aria-hidden=\"true\"><\/i><\/button>\n            <\/div>\n        <\/div>\n    <\/div>\n        <div class=\"fw-alert-user\" style=\"display:none;\"><\/div>\n<\/div>\n\n","protected":false},"excerpt":{"rendered":"","protected":false},"author":2,"featured_media":0,"parent":0,"menu_order":0,"comment_status":"closed","ping_status":"closed","template":"","meta":{"ngg_post_thumbnail":0,"footnotes":""},"class_list":["post-352","page","type-page","status-publish","hentry"],"jetpack_sharing_enabled":true,"_links":{"self":[{"href":"https:\/\/www.eb-rom.de\/index.php?rest_route=\/wp\/v2\/pages\/352","targetHints":{"allow":["GET"]}}],"collection":[{"href":"https:\/\/www.eb-rom.de\/index.php?rest_route=\/wp\/v2\/pages"}],"about":[{"href":"https:\/\/www.eb-rom.de\/index.php?rest_route=\/wp\/v2\/types\/page"}],"author":[{"embeddable":true,"href":"https:\/\/www.eb-rom.de\/index.php?rest_route=\/wp\/v2\/users\/2"}],"replies":[{"embeddable":true,"href":"https:\/\/www.eb-rom.de\/index.php?rest_route=%2Fwp%2Fv2%2Fcomments&post=352"}],"version-history":[{"count":3,"href":"https:\/\/www.eb-rom.de\/index.php?rest_route=\/wp\/v2\/pages\/352\/revisions"}],"predecessor-version":[{"id":355,"href":"https:\/\/www.eb-rom.de\/index.php?rest_route=\/wp\/v2\/pages\/352\/revisions\/355"}],"wp:attachment":[{"href":"https:\/\/www.eb-rom.de\/index.php?rest_route=%2Fwp%2Fv2%2Fmedia&parent=352"}],"curies":[{"name":"wp","href":"https:\/\/api.w.org\/{rel}","templated":true}]}}